 - (-41 - -34)?
5
Calculate 5 + 12 - 1 - (3 - 1).
14
Evaluate -9 - (-3 - 13 - -1 - 5).
11
Calculate -6 + 4 + (-6 + 7 - 4) + 3.
-2
Evaluate (3 + -4 - -4) + -11 + 7.
-1
-29 - (-18 + -7 + 25 + -16)
-13
What is the value of (2 - -13) + 5 - 12?
8
Evaluate -5 + (-2 - 2) - (-39 + (-1 - -10)).
21
Evaluate -111 + 62 + 22 + -7.
-34
Calculate 19 + -33 + -3 + 10.
-7
What is -21 + (3 - 0) + 7 + -3?
-14
What is 5 + 1 + (-5 - ((13 - -6) + -12))?
-6
What is the value of -9 - (-19 - 0) - 22?
-12
Evaluate -7 + -2 + 9 + 7 - 16.
-9
3 + -8 + -10 + 18 + (1 - 28)
-24
What is -10 - (-7 - -5 - (2 - -5))?
-1
16 - (-25 + 33 + -6 + (3 - 7))
18
What is 12 + (-8 - 5) + -10 - (1 - 0)?
-12
-16 + -11 + -15 + 28
-14
What is the value of -984 - -990 - ((0 - 0) + 26)?
-20
29 - 28 - (3 + -12 + 5)
5
What is (22 - -9) + -25 - 33?
-27
Calculate -9 - (5 - ((17 - 5) + 0)) - 17.
-19
What is the value of -9 + 0 + (-1 - -5) + -1 + 8?
2
Evaluate -16 + 2 + (-46 - -87 - 3).
24
What is the value of -13 + 1 - (-78 + 93 + -10 + 1)?
-18
Evaluate (-5 - -8) + (5 - 17).
-9
What is the value of 0 - (-3 + (-11 + 3 - (-2 + -4)))?
5
Evaluate 41 + -8 + 0 + -56.
-23
Evaluate -11 + (-3 - -1) + (88 - 66).
9
7 - (9 + (15 - 8))
-9
Evaluate -9 + 4 + 5 + (-31 - -23).
-8
10 + 10 + (-10 - (9 - -6 - 7))
2
What is 0 - (-1 + (-22 - (-4 + -7)))?
12
Evaluate (6 - (0 + -8)) + 2.
16
3 + 6 - (-20 - (-6 + -7)) - 7
9
What is 10 + 17 + -9 + -18?
0
What is the value of -5 + -1 + 10 + (-10 - -11) + 3?
8
What is the value of (82 - 122) + (0 - 2 - (10 + -22))?
-30
Evaluate 200 + -204 + (-1 - 3).
-8
What is the value of -2 - -17 - ((21 - 41) + 12)?
23
What is 17 + (-4 - (-9 - -13))?
9
Calculate 1 + (-4 - -4) + 4 + 7 + 3.
15
What is -8 + -6 + 18 + -18?
-14
What is 191 + -193 - (-2 - (-3 - -1))?
-2
Calculate 6 + 1 - (22 - (2 + -4 + 5)).
-12
37 + -45 - (1 - 3) - -21
15
Evaluate (3 - 0) + 3 - (-17 + -5 + -4).
32
Calculate -1 - (10 - (3 - (-7 + 1))).
-2
What is the value of -9 + (4 - -16 - 4) + (-12 - 2)?
-7
-20 - ((23 - 4) + -57)
18
Calculate 444 + -413 + (-40 - -1).
-8
Evaluate 22 + -23 - (1 - -23) - -13.
-12
What is -1722 + 1705 - ((3 - 1) + -36)?
17
Calculate 6 - (-12 + (-3 - -14)).
7
Evaluate (-2 - (8 + 1 + 10)) + 3.
-18
Evaluate 13 - (-20 + 28 - 6).
11
Evaluate -2 + 0 + -3 - (36 - 41).
0
What is the value of (1 - 8) + (-1 - (-1 - 4))?
-3
What is the value of 8 + -30 + 75 + -52?
1
0 + (4 - (-34 + -7 + 21))
24
What is the value of 33 - (-5 - -10 - -10)?
18
Evaluate (-1 + 15 - -2) + 1431 + -1428.
19
Evaluate 0 + -10 - (-595 + 584 - (25 + -2)).
24
Evaluate -3 + (9 - 27) + 36.
15
(10 - (12 - 4)) + -14
-12
Evaluate -6 - 22 - (-1 + -43).
16
What is -16 + (-8 - -25) - (-8 - 0) - -1?
10
Evaluate 0 + (-20 - -52) - 15.
17
Calculate 6 + -2 - (-6 + -2 + 7 + 0).
5
3 - ((-10 - (4 + -8)) + 16)
-7
Evaluate -1 + -1 + 5 + -4 + -4 + 11.
6
What is the value of (-31 - -11 - -9 - (-6 + -2)) + 13?
10
What is (1 - 6) + -516 + 541?
20
Evaluate -15 - (8 + -2) - -41.
20
What is the value of -7 - (-13 + -3 - 1)?
10
Calculate (3 - (2 - (3 - 1))) + (129 - 133).
-1
What is -15 + 20 - -16 - 17?
4
What is 2 - -2 - (3 - (-4 - 0))?
-3
Calculate 20 - -8 - 1 - ((2 - -5) + 0).
20
-2 - 0 - (2 + -14 + 6 + 0)
4
8 + 0 + -41 + 37
4
What is -72 + 53 - (-13 + 1 - -2)?
-9
Calculate -9 + 9 - (-47 + 20) - 8.
19
What is the value of -7 + 14 + 3 + 7 + -6 + -13?
-2
Calculate 14 + 1 + 6 + 36 + -34.
23
Evaluate -13 + 18 + -14 + 15.
6
What is 3 + 1 + 6 + (-51 - -49) + -36?
-28
1 + -2 - ((22 - 17) + -8)
2
What is (3 - -1) + (3 + -3 - (53 - 58))?
9
Calculate (18 - (-6 + 3)) + (5 - 16) + 7.
17
(1 - (-1 + -2 + 0)) + 213 + -207
10
Evaluate 3 + 8 + -14 - -4.
1
0 - 10 - (-10 - -8)
-8
Evaluate -1 + -1 + 6 + (-30 - 8).
-34
What is 10 + (-14 + 5 - (-4 + -15)) + -8?
12
Evaluate -7 + 1 - (-16 + 22).
-12
What is the value of (7 + (7 - 17) - -13) + -24?
-14
Evaluate 21 + -33 + (23 - 20).
-9
3 - (0 + 7 - (-57 - -52))
-9
What is 6 - (-6 + 6) - 14?
-8
5 + -7 + 25 - (-2 - -16)
9
What is the value of 8 - ((6 - -1) + 1 + 8 + -16)?
8
(-15 - -39) + -16 + -2 + -8
-2
-6 - ((-14 - 8) + 6) - (-37 - -36)
11
Evaluate (14 - 10) + 2 - 16.
-10
Calculate -7 + (-9 + 14 - 15).
-17
Evaluate (4 - 10 - -10) + 1 - 5.
0
Evaluate 20 + (-10 - -23 - 12) - 8.
13
Calculate (-103 - -101) + 2 + 7 + 0.
7
Calculate (-12 - 32) + (50 - 17).
-11
Evaluate 0 + -15 + (9 - (-7 + -5 - -19)).
-13
Calculate -43 + (-14 - -36) + 21.
0
(17 - 26) + (-4 - (1 + -3 - 26))
15
-1 + -15 - (216 + -232)
0
4 - (-3 + 2 + (1 + -9 - -12))
1
What is -1 + 0 + 5 - ((11 - 2) + -3)?
-2
Calculate 5 + (-25 - 10) + 24.
-6
What is the value of -7 - -8 - (-6 - (-24 + 6) - 0)?
-11
What is the value of 8 + (2 + -2 - -1) + (-34 - -41)?
16
(31 - 15 - 1) + -3 + 7
19
What is the value of 2 + -2 + (3 - 4) + 142 + -148?
-7
Calculate -22 + 8 + (13 - 17).
-18
9 + (-4 - (7 - 10)) - (1 + 2)
5
(7 - (-19 - 4)) + -15
15
Evaluate -2 - (2 + -13) - (-106 + 119).
-4
What is -14 - (3 - (16 - (26 + -8)))?
-19
Evaluate -3 + -3 - 8 - -9.
-5
(-20 - -23) + -47 + 13
-31
What is (1 - -9) + (11 - 23) + 14?
12
Evaluate 6 - (-11 + 5 + 9 + 9).
-6
What is the value of 10 - -1 - (-26 + 36 + 8) - -9?
2
Calculate -158 + 179 - (25 - -3).
-7
What is 8 + (-10 - -4 - 12)?
-10
Evaluate 4 - (28 + -25 + (3 - 3 - 3)).
4
Calculate 10 - -2 - ((7 - -4) + 144 + -121).
-22
Evaluate -2 - (11 - 5) - -5 - -2.
-1
What is 13 - (-8 + -7 + 15 - (2 + -2))?
13
Calculate (-59 - -62) + 2 + -21 + -4.
-20
What is the value of -7 + 2 + -5 + 1119 + -1114?
-5
What is -4 + -7 - 5 - (-22 - -5)?
1
37 - ((-5 - 3) + (32 - 15))
28
3 - 1 - (0 - -24)
-22
What is -28 - 12 - (-30 + 6)?
-16
What is -20 - (-23 - -22 - -3)?
-22
-8 - (-27 + 12 + -2 + -1)
10
What is the value of 6 + (2 - 3 - 1) - (-17 + 41)?
-20
221 - 206 - (-2 - 24)
41
What is the value of (-1630 - -1627) + 0 + 8?
5
What is 35 - (14 - -14 - 9)?
16
Calculate -6 + (-30 - (-7 - 14)).
-15
5 - ((0 - -5) + -2)
2
What is the value of (-1 - -18) + 10 + 8 + -17?
18
Evaluate -3 - (-10 - (27 - 42)).
-8
What is the value of (26 - 0) + -784 + 778?
20
Calculate (-21 - -22) + -5 + 4.
0
Evaluate 12 + -4 + -5 + -10 + 3.
-4
Evaluate 8 + 0 - (-27 + 62 - 46).
19
Calculate (-18 - (-14 + 16)) + 21.
1
Calculate (0 - 5) + (-5 - ((9 - 1) + -10)).
-8
What is the value of 5 + -5 + -9 + (13 - 10)?
-6
What is the value of 0 - (7 + -4) - (10 + 0)?
-13
What is the value of (-310 - -325) + (0 - 22)?
-7
-4 - (78 + -82 - (-1 + -9 - -2))
-8
Calculate -1 - -1 - (-17 - (-6 + -10 - -10)).
11
What is 9 + (1 + (5 - -2) - 8)?
9
What is (-16 - (-16 + -21)) + -5 + 1 + -1?
16
-88 + 92 + -2 + -9
-7
Evaluate 1 + 2 + (4 - 9) + -7.
-9
What is the value of -12 + 0 + -1 - (20 + -23)?
-10
Evaluate -3 + (-2 - (-3 + -1 - 5)).
4
What is 5 - (-17 - -3 - -5 - 9)?
23
What is the value of (0 - (-10 - -2)) + -24 - -3?
-13
What is -3 - (-10 - (-10 - -3 - -1)) - 0?
1
Calculate 47 + (-7 - 33) - (0 - -19).
-12
What is (-8 - (-8 - -3)) + (2 - -12) - 2?
9
11 + 7 + (7 - 15) + -21 + -4
-15
Calculate (12 + -10 - 28) + (-4 - -1 - -1).
-28
What is the value of -7 + (4 - -3) + 5 + -5?
0
What is the value of -9 - (-24 + 15) - (-4 + -3)?
7
Calculate -6 + 0 + (8 - 11) + -3.
-12
What is the value of 448 + -465 - (-4 + 1)?
-14
(4 - -3 - 14) + (1 - 3 - -23)
14
Calculate (-8 - -1) + (19 - (-44 - -73)).
-17
Calculate 2 + 3 - (11 + -5 + -8 + -2).
9
What is the value of -1 - (6 + -7) - (6 - (0 - -7))?
1
Evaluate -7 + -3 + 0 - (-7 + -2 - -5).
-6
Calculate 2 + 2 - (-1 + 11 + (18 - 15)).
-9
What is the value of (-2 + 24 - 8) + -11?
3
(0 - 0) + 8 + (2 - -2)
12
Calculate (5 - -1) + -6 + -43 + 20.
-23
Evaluate -11 + 11 - (4 + -17).
13
What is the value of -685 + 662 - (-15 + 0)?
-8
8 - (8 - (-1 + -5 + 9))
3
Evaluate -3 + (8 - 8) + -4 - 10.
-17
(-7 - -8) + 1 + 5 + -6 + -6
-5
Evaluate 18 + (-58 + 18 - -5) + -1.
-18
Calculate 49 + -13 + (-89 - -60).
7
What is the value of 10 - ((23 - -1) + -13)?
-1
-18 + -10 - -25 - (8 - -3)
-14
-1 - 5 - (1 + 1 - (18 - 8))
2
-9 - (9 - (-2 + 8))
-12
What is 0 + 31 - (0 - (22 - (12 - -1)))?
40
Calculate -1 - (-4 + 3 + -7 + 3).
4
What is the value of -41 + (2 - (6 - -5)) + -3 + 22?
-31
Calculate (15 - 5) + -2 + (-4 - (3 + -5)).
6
What is the value of 26 - (-4 - -23) - (-1 - 11 - -2)?
17
Calculate -15 + (-11 + -4 - (-35 - -6)).
-1
Calculate -17 + 11 + -10 + 0 - -12.
-4
What is -5 + -12 + 29 - 17?
-5
(4 - 2) + (3 - (8 + 8 + -1